*k + k**3. Determine s(p).
-4
Let w(h) be the first derivative of -2*h**3/3 + 17*h**2/2 - 10*h + 508. What is w(7)?
11
Let j(m) be the third derivative of m**6/120 - m**5/20 - m**4/8 - m**3/6 - 25*m**2. Let v = -3 - -15. Suppose -d = -5*r + 8 + 10, -5*r + v = d. Determine j(r).
-10
Let m(o) = -o**3 + 7*o**2 + o - 8. Suppose -p - 4*f - 2 = -1, -11 = -p + 2*f. Give m(p).
-1
Let q(h) = -3*h**3 + 8*h**2 - 6*h - 8. Let p(c) = 10*c**3 - 24*c**2 + 17*c + 27. Let t(n) = -2*p(n) - 7*q(n). Determine t(7).
9
Suppose -2*i - 15 + 1 = -h, 21 = -3*i + 4*h. Let j(r) = r**2 + 8*r + 6. What is j(i)?
-1
Let p(r) = r**2 + 1. Let a(l) = 4*l**2 - 12*l - 14. Let j(s) = a(s) - 5*p(s). Give j(-9).
8
Let q(r) be the second derivative of r**4/12 - 2*r**3/3 - r**2/2 + r. Let y = 1 - 19. Let x = y + 23. Calculate q(x).
4
Let a(x) = x + 5. Let t be (-2)/((-120)/(-65) + -2). Calculate a(t).
18
Let d(v) be the first derivative of 3*v - 15 + 1/3*v**3 + 1/2*v**2. Determine d(-4).
15
Let z(t) be the first derivative of -1/24*t**4 - 1/60*t**5 + t**3 + 0*t + 6 + 6*t**2. Let b(m) be the second derivative of z(m). Give b(0).
6
Let b(w) = -101 + 7*w - 72 + 163. Determine b(3).
11
Let i be (-2)/(-4)*0 - -4. Suppose 4*h + i = 2*h, 0 = 5*s + 3*h - 19. Let o(b) = b**2 - 8*b + 4. Determine o(s).
-11
Let b be (7 + -7)/(1*(-2 - -1)). Let k be b - (-2 + 1 + 2). Let d(n) be the second derivative of n**4/6 - n**3/3 - n**2/2 - n. Determine d(k).
3
Suppose 2*a = -17 + 3. Let w = -2 - a. Let g(c) = 4*c - c**2 - 4*c - 1 - w*c. Determine g(-5).
-1
Let b(p) = 27*p + 23. Let f be b(-1). Let d(r) = r**3 + 3*r**2 - 3*r. What is d(f)?
-4
Let j = -164 + 162. Let x(a) = a**2 + a. Determine x(j).
2
Let f(l) = l**2 + 4*l - 62. Let j be f(-11). Let z(d) = d - 31. Give z(j).
-16
Let n be 2 + (8/(-2) - -3). Let p(s) be the first derivative of 2*s**4 + s**2 - s - 5. Calculate p(n).
9
Let s = -34 - -26. Let m(u) = -u**2 - 7*u + 10. Let h be m(s). Let p be -4*((-5)/h)/(-5). Let o(l) = -l**2 - 2*l - 1. Calculate o(p).
-1
Let d(k) = 1495*k + 1489*k - 2990*k - 1. Determine d(-3).
17
Let m(k) be the first derivative of k**3/3 + 9*k**2/2 + 3*k + 238. Let g = 8 + -14. Give m(g).
-15
Let b(s) = 4 - 3 + 32*s - 31*s. Suppose -25 - 23 = -3*d. Let w = 16 - d. Calculate b(w).
1
Let w(v) = 412 + 46*v - 45*v - 413. Determine w(6).
5
Let v(k) be the third derivative of k**8/20160 - k**7/1260 + k**6/240 + k**5/60 + 8*k**2. Let a(y) be the third derivative of v(y). Calculate a(2).
-1
Let z(w) be the second derivative of w**5/20 - 5*w**4/12 - w**3/3 + 13*w**2/2 - 5*w - 10. What is z(5)?
3
Suppose 3*n + 5*u = 10*u - 25, 4*u = 4*n + 28. Let t be 15/25 - (-3)/n. Let q(z) be the third derivative of z**6/120 + z**5/60 - 2*z**3 + 7*z**2. What is q(t)?
-12
Let v = -205 + 202. Let m(q) = 10*q - 10. Let b(w) = -7*w + 7. Let a(l) = 7*b(l) + 5*m(l). Calculate a(v).
-4
Suppose i - 5*v = 34, 5*v = 4*i - 6 - 55. Let h(r) be the first derivative of -1/2*r**2 - 15 + 9*r. Give h(i).
0
Let v(a) = a**3 - 6*a**2 - a + 5. Let f be v(6). Let q(n) = 8*n + 25. Let p(k) = -24*k - 71. Let y(u) = -6*p(u) - 17*q(u). Give y(f).
-7
Let g = -517 - -523. Let y(p) = -p**3 + 8*p**2 - 6*p - 3. Determine y(g).
33
Let d(y) = -y**3 + 6*y**2 - 4*y + 4. Let b be (-8)/6*-1*(-6)/(-2). Give d(b).
20
Let o(i) be the second derivative of i**6/720 - i**5/40 + 4*i**4/3 + 26*i. Let s(k) be the third derivative of o(k). Calculate s(-8).
-11
Let o(s) = 0 - 2 + 1 + 3*s. Let p be (7/(-7))/((-1)/3). Let l be (p - 4/4)/2. Determine o(l).
2
Suppose -4*p + 10 = -4*z - 6, 0 = -2*z - 4. Let t(u) = -4 + 62*u - 57*u - 2*u**2 + u**p. Calculate t(3).
2
Let m(t) = -1 - 1 - 6 + t**2 + 1. Let a = -84 - -84. Determine m(a).
-7
Let d be (20/(-12))/((-15)/(-36)). Let t(c) = -4*c**3 - 12*c**2 + 3*c - 11. Let b(h) = -h**3 - 3*h**2 + h - 3. Let q(k) = 9*b(k) - 2*t(k). Give q(d).
-1
Let a(u) = 3*u - 3. Let q be (1*3)/((-11)/(-11)). Suppose t = -q*b - 11, -3*b + 3*t = -0 + 3. Determine a(b).
-12
Let s be 3 - (6 + (-6)/3). Let n(l) be the second derivative of -1/2*l**2 - 7/6*l**3 - l + 0. Calculate n(s).
6
Let v(w) = -12*w**2 + 14*w + 11. Let d(t) = -8*t**2 + 9*t + 7. Let q(x) = 8*d(x) - 5*v(x). Suppose -33*z = 10*z + 43. What is q(z)?
-5
Let g(a) = -4 - a**2 + 2*a + 10*a - 6*a. What is g(5)?
1
Let l(k) = k**3 - 4. Let g(p) = 5*p - 4. Let h be g(8). Let y = 36 - h. Determine l(y).
-4
Let d(f) = -f**2 - 8*f - 6. Let s be d(-6). Let a(h) = -3*h + 25. Let y(o) = -2*o + 17. Suppose 0 = 5*t - 2*t + 15. Let n(m) = t*a(m) + 7*y(m). Determine n(s).
0
Let b(z) = -2*z + 2. Let x be 1*(-2 + (-3 - -2)). Let p be (-3)/x*-19*2. Let v = p + 36. Determine b(v).
6
Suppose -247 - 93 = -20*d. Let o(s) = s - 19. Give o(d).
-2
Let b(k) = 2*k**2 + 3*k + 2. Suppose -16 = -4*n, -3*m + 10*n - 10 = 9*n. Determine b(m).
4
Suppose -a = -9 + 44. Let w be (-4)/14 - (-200)/a. Let p(l) = -6 + 6*l + l**2 + 2*l**3 - l**3 + 6*l**2. Give p(w).
-6
Let t(k) be the third derivative of k**6/120 + k**5/60 - k**4/12 - k**3/2 - k**2. Let g(q) = -q**3 + 18*q**2 - 29*q + 202. Let l be g(17). What is t(l)?
-3
Let a(s) = s**3 + 5*s**2 - 7*s - 2. Let t be a(-5). Let r = 47 - t. Let o be 70/20*24/r. Let k(f) = -f**3 + 5*f**2 + 5*f - 2. Determine k(o).
-8
Suppose u - 12 = -4. Let t(s) = -u + 1 + 7 - s. Give t(-11).
11
Let x(i) = i - 26. Let w(h) = -2*h + 28. Let b(y) = -4*w(y) - 5*x(y). Calculate b(-6).
0
Let k(x) = 2*x - 1. Let a be k(3). Suppose 4*c = a*c. Let t be c - (2/(-1) - 1). Let o(q) = -2*q**2 + 3*q + 4. Give o(t).
-5
Suppose 2*g - 13 = 5. Let i(x) = -30*x + g*x + 13*x + 12*x. What is i(1)?
4
Let t(q) = -5*q - 28. Let x be (-1 + 0)*(1 + 1 - -4). Calculate t(x).
2
Suppose -5*q + 3*q + 32 = 0. Let y(m) = 2 - m + 6*m - 10*m - q*m. Let l(d) = 10*d - 1. Let u(n) = -9*l(n) - 4*y(n). Determine u(2).
-11
Let t be 9/(-21) - 48/(-14). Let k(o) = 2*o**2 - 6*o**2 + 4*o + 81 - o**t - 83. Calculate k(-5).
3
Let j(m) = -m**3 - 6*m**2 - 3*m + 3. Let v be j(-5). Suppose 40 = -26*l + 30*l. Let f(c) = l + 27*c**3 + 8*c**2 + 9*c + 24*c**3 - 50*c**3. Determine f(v).
-4
Let i(g) be the second derivative of 0*g**3 + 0 - 17/20*g**5 + 1/2*g**2 + 0*g**4 - 25*g. What is i(-1)?
18
Let j = 0 + -4. Let k be (1 + j)*40/(-4). Suppose -k + 0 = 5*h. Let l(m) = m**3 + 6*m**2 + m. Calculate l(h).
-6
Let n = -5 + 17. Suppose 0*c = 2*c + n. Let g(v) = -v - 11. Give g(c).
-5
Let v(g) = -g**3 - 4*g**2 - g - 2. Let f be (-69)/5 - 12/(-15). Let p = f - -9. Give v(p).
2
Let b(d) = 3*d - 5. Let a(q) = 7*q**3 - 10*q**2 + 15*q. Let g(f) = 11*f**3 - 15*f**2 + 23*f. Let r(j) = 8*a(j) - 5*g(j). Let o be r(4). Give b(o).
7
Let n(x) = -x + 14. Let h be n(14). Let i(z) = -4*z + 5 + 4*z - z + h*z. Determine i(8).
-3
Let g(m) = m - 7. Let s = 1 - -10. Let r(o) be the third derivative of -o**4/12 + 13*o**3/6 + 14*o**2. Let n(p) = s*g(p) + 6*r(p). Give n(6).
-5
Let r(w) = -8*w**3 + 17*w**2 - 4*w - 6. Let b(d) = -3*d**3 + 6*d**2 - d - 2. Let v(j) = -11*b(j) + 4*r(j). Give v(-3).
4
Let r(d) = 5*d + 8. Suppose 0 = -5*f + 3*z + 27, 3*f - 20 = -z - 1. Determine r(f).
38
Let h(m) = 5*m - 19. Let d(n) = -6*n + 26. Let b(l) = -3*d(l) - 4*h(l). What is b(7)?
-16
Let y(p) = -1381 + 1389 + p - 2*p. Let k(g) = -3*g**3. Let u be k(-1). Suppose -4*w + m = -21, -2*m + 1 = -u*m. What is y(w)?
3
Let f = -13 - -15. Let w(c) = c - c**3 - 45 + c + 43 - f*c**2 - c. Calculate w(-2).
-4
Suppose 0 = -3*k + 3*d + 39, 5*k + 13 = -d + 102. Let o(z) = z**2 - 18*z + 11. Calculate o(k).
-6
Let c(l) = -l + 6. Let g(v) = 2*v - 13. Let h be g(8). Let w be (-9)/h + 8 - 0. What is c(w)?
1
Let j(w) = -12*w**3 - 17*w**2 - 2*w - 5. Let m(i) = -5*i**3 - 8*i**2 - i - 2. Let l(h) = -2*j(h) + 5*m(h). Determine l(-6).
6
Let d(g) = -g**2 + 8*g - 7. Let s be d(9). Let r = s + 16. Let n(b) = -b**2 + 2. Calculate n(r).
2
Let d(f) = -f**2 - 4*f - 5. Suppose -4*h - 20 + 24 = -4*y, 3*y = -3*h - 21. What is d(h)?
-2
Let c(t) be the third derivative of 5*t**4/24 - 2*t**3 - 27*t**2 + 3. What is c(5)?
13
Suppose 2*s = -49 + 11. Let q = s + 14. Let g(b) = -b**3 - 5*b**2 - b - 6. Calculate g(q).
-1
Suppose 4*d + 29 - 5 = 0. Let r = 1 - -11. Let q(w) = r*w + 3 - 9*w + 2 + 3. Determine q(d).
-10
Let g(q) be the first derivative of -q**6/360 - q**5/60 + q**4/24 + 5*q**3/3 - 5*q + 14. Let v(d) be the third derivative of g(d). Give v(2).
-7
Let y(t) b